34638?
True
Is 90812475 a multiple of 2133?
True
Is 143 a factor of 204110595?
False
Does 10664 divide 4525671240?
False
Does 317 divide 51913544?
False
Is 615 a factor of 815696025?
True
Does 37 divide 92334758?
True
Is 4077 a factor of 226275690?
False
Does 7 divide 7253283?
False
Is 87523014 a multiple of 618?
True
Is 26 a factor of 156014014?
True
Does 46 divide 9197470?
True
Is 30653653 a multiple of 87?
False
Is 378863100 a multiple of 924?
True
Is 728 a factor of 383454897?
False
Does 145 divide 2446946195?
True
Is 2 a factor of 8004201?
False
Is 51042988 a multiple of 18?
False
Does 6 divide 861390786?
True
Is 725537210 a multiple of 10?
True
Does 25 divide 1025541752?
False
Is 12 a factor of 13947324?
True
Is 212919318 a multiple of 65?
False
Is 1362 a factor of 162561510?
True
Is 13 a factor of 304466929?
True
Does 129 divide 110501653?
False
Is 11658195 a multiple of 135?
True
Does 1347 divide 229150293?
True
Does 111 divide 362836739?
False
Is 26 a factor of 29133912?
False
Does 51 divide 43962999?
False
Does 2201 divide 182385003?
False
Does 241 divide 309752134?
False
Is 2167 a factor of 2118983798?
False
Is 46287626 a multiple of 11?
True
Is 48660604 a multiple of 107?
True
Is 5985475793 a multiple of 349?
False
Is 25489539 a multiple of 1985?
False
Is 5313616 a multiple of 176?
True
Does 224 divide 42560?
True
Is 1176168525 a multiple of 17?
False
Does 186 divide 1369758126?
True
Is 371633518 a multiple of 6?
False
Does 42 divide 3818140956?
True
Is 14 a factor of 533016?
False
Does 110 divide 1961029180?
True
Is 6 a factor of 59784315?
False
Does 6 divide 1550330526?
True
Does 20 divide 52534540?
True
Is 36218222 a multiple of 2?
True
Is 647 a factor of 36006844?
True
Is 2529674872 a multiple of 667?
True
Is 38466450 a multiple of 450?
True
Is 26 a factor of 252277253?
False
Does 5682 divide 832372805?
False
Is 3775 a factor of 221316925?
True
Is 21213115 a multiple of 605?
True
Is 129791912 a multiple of 424?
True
Is 1934337200 a multiple of 91?
False
Does 366 divide 127994592?
True
Does 38 divide 45928866?
False
Is 29 a factor of 42886186?
True
Is 19570419 a multiple of 991?
False
Is 11 a factor of 3570700969?
True
Is 35 a factor of 405440?
True
Is 127 a factor of 11042015?
True
Does 13 divide 360088378?
True
Is 366556790 a multiple of 87?
False
Does 45 divide 15474645?
True
Does 8 divide 6894392?
True
Does 1622 divide 468841034?
False
Is 12 a factor of 32398032?
True
Is 429 a factor of 10551684?
True
Is 1353 a factor of 11205546?
True
Is 182525850 a multiple of 1950?
True
Does 35 divide 6431629?
False
Does 2056 divide 1036957992?
True
Does 42 divide 28309052?
False
Is 2045 a factor of 746051322?
False
Is 675095746 a multiple of 11?
False
Is 7586631 a multiple of 3?
True
Does 24 divide 29966558?
False
Is 200896706 a multiple of 94?
True
Is 4125368 a multiple of 4?
True
Does 22 divide 1602255446?
True
Is 104916588 a multiple of 17?
True
Does 322 divide 589035589?
False
Does 481 divide 448203015?
True
Does 186 divide 7680633?
False
Is 532 a factor of 540220996?
True
Is 15 a factor of 218678355?
True
Does 2331 divide 10885050?
False
Is 57146544 a multiple of 147?
True
Is 121329717 a multiple of 1383?
False
Is 10658518 a multiple of 67?
False
Does 104 divide 1158075256?
True
Does 807 divide 41596905?
False
Does 414 divide 177945894?
True
Is 58 a factor of 32404484?
True
Does 603 divide 925873335?
True
Is 715240745 a multiple of 189?
False
Does 112 divide 471241792?
True
Is 122381 a multiple of 7?
True
Is 422 a factor of 29763660?
True
Is 235599896 a multiple of 2110?
False
Is 136095392 a multiple of 1952?
True
Does 604 divide 67212720?
False
Is 536 a factor of 100448262?
False
Is 10122372 a multiple of 1006?
True
Does 40 divide 224133117?
False
Is 11 a factor of 76433566?
True
Is 14 a factor of 2519802816?
False
Is 279 a factor of 27678195?
True
Is 31 a factor of 574921457?
False
Does 31 divide 1149573124?
True
Is 47645048 a multiple of 37?
True
Is 9 a factor of 9659772?
True
Is 3331711 a multiple of 473?
False
Is 145 a factor of 300324663?
False
Is 462 a factor of 55664532?
True
Is 364412620 a multiple of 65?
True
Is 11 a factor of 16720781?
True
Is 60 a factor of 15701211?
False
Does 13 divide 1250824545?
False
Does 6 divide 308288166?
True
Is 20 a factor of 3313883560?
True
Is 358817160 a multiple of 12?
True
Does 12 divide 23477910?
False
Is 12 a factor of 20712672?
True
Is 273416780 a multiple of 35?
True
Is 12 a factor of 273017988?
True
Is 33803384 a multiple of 4525?
False
Does 16 divide 5800638?
False
Is 2948 a factor of 262879056?
True
Is 23390623 a multiple of 1517?
True
Does 2513 divide 10351047?
True
Does 2882 divide 161107872?
False
Does 39 divide 490523363?
False
Is 170461272 a multiple of 984?
True
Is 4032849108 a multiple of 12?
True
Does 10 divide 13600450?
True
Is 124750 even?
True
Does 717 divide 10623235?
False
Is 46798333 a multiple of 9?
False
Is 13 a factor of 201342697?
False
Is 3851090772 a multiple of 751?
False
Does 1304 divide 74510560?
True
Does 371 divide 8737573?
False
Is 40503748 a multiple of 1227?
False
Does 1228 divide 32823212?
True
Is 127144289 a multiple of 25?
False
Is 90249762 a multiple of 202?
True
Is 1050 a factor of 764848350?
True
Is 3322 a factor of 34286362?
True
Is 11 a factor of 1057480?
False
Is 1418282264 a multiple of 469?
True
Is 16 a factor of 195102352?
True
Is 67060300 a multiple of 1340?
True
Is 608706 a multiple of 14?
True
Is 60 a factor of 42222780?
True
Is 178138155 a multiple of 1479?
True
Does 14 divide 16789262?
True
Is 120 a factor of 60631990?
False
Is 152071597 a multiple of 455?
False
Is 101 a factor of 391758855?
False
Does 46 divide 121604082?
True
Is 35649591 a multiple of 109?
False
Is 249351782 a multiple of 10?
False
Does 12 divide 387298858?
False
Is 11724196 a multiple of 164?
True
Is 16 a factor of 868361520?
True
Is 307723586 a multiple of 57?
False
Is 632 a factor of 138315096?
True
Is 5397 a factor of 275777868?
False
Is 45284389 a multiple of 324?
False
Is 839961108 a multiple of 126?
True
Is 87750872 a multiple of 1496?
True
Is 1099230070 a multiple of 3470?
True
Does 228 divide 10307880?
True
Is 1908 a factor of 8581249?
False
Is 17404225 a multiple of 97?
True
Does 8 divide 467377176?
True
Is 40877077 a multiple of 327?
False
Does 1343 divide 93343872?
True
Is 9539 a factor of 33758521?
True
Is 2365 a factor of 24271995?
True
Is 57623222 a multiple of 2512?
False
Is 250 a factor of 72981645?
False
Is 710 a factor of 164456590?
True
Does 92 divide 108763596?
True
Does 359 divide 1262526769?
False
Is 25823014 a multiple of 386?
True
Is 2859581340 a multiple of 81?
False
Is 820 a factor of 427263460?
True
Is 101 a factor of 870474863?
True
Is 17 a factor of 544082467?
True
Is 59678016 a multiple of 4?
True
Is 5 a factor of 63141367?
False
Is 5 a factor of 70113315?
True
Is 562 a factor of 172903344?
False
Does 16 divide 1725051824?
True
Does 51 divide 43241370?
True
Does 1593 divide 41752530?
True
Is 10 a factor of 73492290?
True
Does 3 divide 32350375?
False
Is 39979062 a multiple of 54?
True
Is 50704332 a multiple of 14?
True
Is 1492793120 a multiple of 80?
True
Is 874 a factor of 552952706?
True
Is 52239777 a multiple of 36?
False
Does 153 divide 52505242?
False
Is 5081548473 a multiple of 618?
False
Does 692 divide 112864710?
False
Is 103663369 a multiple of 12?
False
Is 14 a factor of 10303440?
True
Is 6172283 a multiple of 585?
False
Is 292 a factor of 22859842?
False
Does 122 divide 206164628?
True
Is 26 a factor of 424288676?
False
Does 71 divide 187377662?
True
Is 36706321 a multiple of 1126?
False
Is 181644905 a multiple of 65?
True
Does 352 divide 99086592?
True
Does 2237 divide 16350233?
True
Is 13087279 a multiple of 5?
False
Is 85414291 a multiple of 733?
True
Is 49 a factor of 96615848?
True
Is 178183759 a multiple of 1605?
False
Is 359187522 a multiple of 65?
False
Is 205283676 a multiple of 228?
True
Is 621239032 a multiple of 1996?
True
Is 8 a factor of 8075128?
True
Is 353341131 a multiple of 6357?
True
Does 1281 divide 24242925?
True
Is 1821 a factor of 283259605?
False
Is 1199 a factor of 73245337?
False
Is 2011776 a multiple of 4?
True
Is 2307 a factor of 52715072?
False
Is 38497476 a multiple of 6?
True
Does 24 divide 11